y v.
13
Suppose 2*d = -5*h + 111 + 15, 2*d - 120 = -2*h. Calculate the remainder when 113 is divided by d.
55
Let y = 20 + -42. Let l(h) = -h - 42. Let q be l(0). Let a = y - q. Calculate the remainder when 37 is divided by a.
17
Let d be 35*(-4)/((-60)/9). Suppose 0 = -5*j - 5*t + 335, 167 = 2*j - t + d. Calculate the remainder when j is divided by 19.
14
Let m = 174 + -154. Calculate the remainder when 138 is divided by m.
18
Suppose 2932 = 5*r - 2*x, r - 5*x - 512 = 79. What is the remainder when r is divided by 152?
130
Let c(v) = v - 14. Let g be c(15). Suppose a - g + 5 = 0. Let b = a + 16. Calculate the remainder when 45 is divided by b.
9
Let d = 173 - 62. Let n(g) = g**3 + 22*g**2 + 40*g + 23. Calculate the remainder when d is divided by n(-20).
19
Let v(z) = -z**3 - 10*z**2 - 18*z - 3. What is the remainder when v(-9) is divided by 15?
3
Suppose 4*n + 14 = 5*n. Let z = -44 - -47. What is the remainder when ((-2224)/(-40) - z/5) + 0 is divided by n?
13
Calculate the remainder when 830 is divided by 13/((-12)/(-8) + 4/(-8)).
11
Suppose 0 = -6*f + f + 75. Let k = 6 + f. What is the remainder when ((-164)/(-6))/(14/k) is divided by 21?
20
Let p = -1500 + 1561. Calculate the remainder when p is divided by 27.
7
Let i(m) = -m**3 + 5*m**2 + 39*m + 21. What is the remainder when i(-6) is divided by (-3)/(-6)*(62 - 0)?
28
Suppose 0 = 23*f - 121 - 178. Let x be (-2)/9 - 1808/(-36). Suppose 0*t + t - x = 0. What is the remainder when t is divided by f?
11
Let l(k) = -4*k**3 + 2*k**2 - 6*k - 12. Calculate the remainder when l(-3) is divided by 53.
26
Suppose 9*q = 8*q. Suppose 19 = n - 77. Suppose -n = -3*h - q*h. Calculate the remainder when h is divided by 12.
8
Let j = -9 + 93. Calculate the remainder when j - (-4 + 0/(-3)) is divided by 30.
28
Let b = 168 + -141. What is the remainder when b is divided by 6?
3
Let i(q) = 3*q**2 - 4*q - 103. Calculate the remainder when i(12) is divided by 32.
25
Suppose 1 = -u + 6. Let a(c) = c**2 + 2*c - 7. Suppose 22891 = 57*d - 408*d + 60448. Calculate the remainder when d is divided by a(u).
23
Let n be 2 - 0 - (4 + -5). Suppose 0 = -n*p - p + 68. What is the remainder when p is divided by 3?
2
Let s = -9 - -18. Suppose -s*c = -13*c + 84. Let p = c - 11. What is the remainder when p is divided by 6?
4
Let f(w) = -w**2 + 6*w - 5. Let b be f(4). Let z(j) = j**3 - 3*j**2 + 4. Calculate the remainder when z(b) is divided by ((-7)/7)/(1 + -2)*2.
0
Let g(q) = -2334*q + 9343. Let k(w) = w**2 + 4*w - 2. Let n(o) = o - 1. Let j be n(4). Calculate the remainder when k(j) is divided by g(4).
5
Let h(f) = -4*f + 163. Calculate the remainder when 149 is divided by h(28).
47
Let a(g) = g**3 - 12*g**2 - 16*g + 74. Calculate the remainder when a(14) is divided by 41.
37
Let n(f) = f**3 - 6*f**2 + 3*f + 7. Let i be n(5). What is the remainder when 1 - (171/3)/i is divided by 6/6*(0 + 7)?
6
Suppose -69 = w - 86. Let t = -11 + 14. Calculate the remainder when w is divided by t.
2
Suppose -36 = -25*l + 22*l. Calculate the remainder when 59 is divided by l.
11
What is the remainder when (2*(-238)/(-4))/1 is divided by 61?
58
Let q(s) = -3*s + 11. Let d be q(3). What is the remainder when 34 is divided by (-5 + d)/(75/13 - 6)?
8
Let c(x) = 2*x + 4 + 8*x + 1. Let d = 45 + -43. What is the remainder when 47 is divided by c(d)?
22
Let l = -49 + 95. What is the remainder when 86 is divided by l?
40
Let d be (-7)/3 + 1/3. Suppose 54*c - 3037 - 761 = -157*c. Calculate the remainder when c is divided by (7/4)/(d/(-8)).
4
Suppose 49 = -3*g + k + 161, 3*g + 5*k - 88 = 0. Suppose 2*v - 16 = -0*v. Calculate the remainder when g is divided by v.
4
Let v = -356 + 566. Calculate the remainder when v is divided by 27.
21
Suppose -3*l + k + 0*k = -225, -5*l + k + 373 = 0. Let y = l + -69. What is the remainder when 16 is divided by y?
1
Let z(r) = r**3 - 3*r**2 + 3*r. Let q(g) = -135*g - 109. What is the remainder when q(-1) is divided by z(3)?
8
Let d = 19 + -15. Suppose -125 = -d*z - m, 3*m = -4*z - 58 + 193. What is the remainder when 146 is divided by z?
26
Let g = 91 + -34. Suppose 4*i = 6*i - 4. Suppose -62 = -4*o - 2*m, -i*o + m + 28 = -m. Calculate the remainder when g is divided by o.
12
Suppose 37 + 75 = 8*t. Suppose 8*h = t*h - 30. Suppose 4*r - 5 = 3*r. Calculate the remainder when h is divided by r.
0
Suppose 4*b = -m + 18, -2*m - 4*b = -b - 21. Suppose -3*p + m*p = 111. Calculate the remainder when 146 is divided by p.
35
Let m(t) = -2*t**2 - 22*t - 46. What is the remainder when 91 is divided by m(-6)?
7
Let u(m) = -2*m + 9. Suppose 0 = t + 4*t - 20. Let n be u(t). Calculate the remainder when 70 - n*(-3 - -3) is divided by 18.
16
What is the remainder when 518 is divided by (-418)/(-4) + -2*(-8)/(-32)?
102
Let p(g) = g**2 + g + 5. Let r be p(-4). Suppose 18 = i - r. Calculate the remainder when i is divided by 12.
11
Suppose 103*u - 600 = 93*u. What is the remainder when 185 is divided by u?
5
Let i(b) = b**3 - b**2 + b + 45. Calculate the remainder when i(0) is divided by (21 - (-2 + 1)) + (1 - 6).
11
Let i be 1 - (3 + -1)/(-1). Suppose -i*k + 4 = k. What is the remainder when 16 is divided by k?
0
Suppose -5*q = y - q - 56, 2*y = 5*q + 73. Suppose 7*k - 334 = y. Calculate the remainder when k is divided by 11.
10
Let n(z) = z**3 + 5*z**2 + 5. Suppose 4*w = -b + 2*w + 7, -5*b + 21 = -4*w. What is the remainder when n(-5) is divided by b?
0
Let o(b) = b**3 + 11*b**2 + b - 13. Let r be o(-9). Let s = -99 + r. What is the remainder when s is divided by 15?
11
Calculate the remainder when 2186*(-7)/(-42) - 2/6 is divided by 92.
88
Suppose m + 12 = 3*m. Let s(y) = -y**2 - 43*y + 205. Calculate the remainder when s(-47) is divided by m.
5
Let o = 1955 - 1909. Calculate the remainder when 360 is divided by o.
38
Let a = 98 - 35. Let m(i) = -i**2 - 17*i - 27. Let c be m(-15). What is the remainder when a is divided by (c/(-1) + -3)/(8/(-44))?
30
Suppose 3*d + 69 = 2*i, 0 = 4*i - 3*i - d - 34. Suppose 5*n - 3*r - 99 = 0, 5*r - 2*r = -3*n + 45. What is the remainder when i is divided by n?
15
Suppose -7 - 37 = -22*s. What is the remainder when 3*((1 - 4) + 4) is divided by s?
1
Suppose -4*q + 241 = -7. Calculate the remainder when q is divided by 9.
8
Let c(z) = -z - 5. Let l be c(-7). Let p be (3 - -6)*l/2. Suppose 5*b + 3 = f + p, -2*b + 24 = 5*f. Calculate the remainder when 3 is divided by b.
1
Suppose -5*r - 425 = -3*j, 4*j + 4 = 3*r + 589. Suppose 3*h - 5*t = 258, t = 2*h + 5*t - j. What is the remainder when h is divided by 17?
13
Let i(c) = -c + 8. Let k be i(9). Let q(m) = -1 - 3*m**3 + 1 - m**3 - m**2. What is the remainder when 10 is divided by q(k)?
1
Let y(j) be the second derivative of j**2 + 0 + 1/10*j**5 - 5*j - 5/6*j**3 + 1/12*j**4. What is the remainder when 59 is divided by y(2)?
11
Let s = 14 - 13. Let x = s - 11. Calculate the remainder when (-1 + 2)/(x/(-170)) is divided by 9.
8
Suppose -26 - 3 = -z. Let f = z - 24. Calculate the remainder when 11 is divided by f.
1
Suppose 5*b + 6*b - 638 = 0. What is the remainder when b is divided by 12?
10
Let h = 6 - 1. Suppose h*u = -10, -u - 11 = j - 0*j. Let s = 12 + j. What is the remainder when s is divided by 2?
1
Calculate the remainder when 3 is divided by (-15)/(-5)*(-2)/(-6).
0
Calculate the remainder when 70/(-6)*(-552)/20 is divided by 18.
16
Let s be (-162)/(-8) + 4/(-16). Let k = 12 - s. Let p(x) = -x**3 - 7*x**2 + 5*x - 10. Calculate the remainder when 39 is divided by p(k).
11
Let j(i) = 2*i**3 - 4*i**2 + 22*i - 15. Calculate the remainder when 157 is divided by j(2).
12
Suppose -4*i + 4*w + 47 - 7 = 0, 0 = -3*i - w + 30. Let x = i + -4. What is the remainder when 16 is divided by x?
4
Let h = 11 + 2. Suppose 5*f - h = -2*a, -3*a = -4*f + 2*f + 9. Suppose -2*g - 21 = -x, f*g = -5*x + 20 + 46. What is the remainder when 28 is divided by x?
13
Suppose 7*t + 2249 = -6*t. Let d = 25 - t. Calculate the remainder when d is divided by 40.
38
Let j be 6/(-4)*30/(-9). Let f = j + -4. What is the remainder when (-2)/(8/(-12))*1 is divided by f?
0
Let c = -120 + 150. Calculate the remainder when c is divided by 9.
3
Let j = 167 - 144. Let n(c) = -c**3 - 12*c**2 - 13*c - 10. What is the remainder when j is divided by n(-11)?
11
Let l(m) = 4*m**2 + 116*m + 41. What i